nd t.
1
Let l be (-3)/(-9) + 368/12. Let w(d) = 41*d + 1. Let o be w(3). What is the greatest common divisor of o and l?
31
Let s(o) = o**2 - 1. Let z be s(2). Suppose 4*p + 30 = z*y, -5*p - 20 + 5 = 0. Let i = 99 + -33. Calculate the highest common factor of y and i.
6
Let j be 5/50*5*54. What is the greatest common factor of j and 18?
9
Let v = -164 + 176. Calculate the greatest common divisor of v and 18.
6
Let m be 1 + 2 + -3 + -134. Let t = m + 205. Let l = t - 41. What is the highest common divisor of l and 3?
3
Suppose 3*o - 5*c = -111, 0*o + 204 = -5*o + 2*c. Let d = -30 - o. Let p = d + 1. What is the greatest common divisor of 26 and p?
13
Let d(q) = 16*q - 40. Let u be d(6). Calculate the highest common factor of 21 and u.
7
Let d(m) = m**2 - 2*m - 2. Let r be d(-2). What is the greatest common factor of r and 30?
6
Let m(z) = -33*z**3 - z**2 + z + 1. Let o be 2*(-1 + -1) - -3. Let p be m(o). Calculate the highest common divisor of 4 and p.
4
Let o(v) = -14 + 6 + v + 0*v. Let k be o(12). Calculate the greatest common divisor of 1 and k.
1
Let g(i) = -i - 4. Let b be g(4). Let p be 4/b - 73/(-2). Suppose o - 5*u + 4*u = 7, 2*o + 4*u - 44 = 0. What is the highest common divisor of p and o?
12
Let s = 121 + -65. Suppose 3*d = -d + s. Let y be (-7)/(d/(-204)) + -3. Calculate the highest common factor of 11 and y.
11
Let d(o) = 9*o**3 - 3*o + 3. Let c be d(1). What is the highest common divisor of 45 and c?
9
Let r = 528 + -330. What is the highest common factor of r and 22?
22
Let z = 1 + 2. Suppose -16 = -2*u + z*h, -h - 2*h - 32 = -4*u. What is the greatest common factor of u and 4?
4
Suppose 5*s - 94 = 2*y, s = -10*y + 6*y + 32. Calculate the highest common divisor of 90 and s.
10
Let q(d) = 16*d**2 + 1. Let v be q(-1). Suppose 4*y - 206 = -o, -3*o + 201 = 4*y - 9. What is the highest common divisor of v and y?
17
Let r = 181 + -121. What is the highest common factor of r and 24?
12
Let h = 7 + -4. Suppose -4*z = -2*o + 20, 0 = -2*o + h*o - z - 13. Calculate the greatest common factor of 4 and o.
4
Suppose 70 = 4*q - 26. Let x be 0 + 4/(-6)*-3. Suppose r + 8 = 4*r + 2*z, -r = -x*z - 16. Calculate the greatest common factor of r and q.
6
Suppose o = 4*h - 2, -3*o + 27 = -0*h - h. Calculate the greatest common divisor of 10 and o.
10
Suppose 5*r + 0*r = 935. Calculate the greatest common divisor of r and 17.
17
Let k be 0/((-3)/(-1)) + 2. Let p be 1/k*(-382)/1. Let o = -114 - p. What is the highest common factor of o and 11?
11
Suppose -22 = -5*r + 63. Suppose 2*n + 5 = -r. Let k = 74 + n. What is the highest common divisor of 7 and k?
7
Let m(i) = -3*i - 17. Let w be m(-9). What is the greatest common factor of w and 5?
5
Let r(n) = n**3 + 8*n**2 - 2*n - 12. Let k be r(-8). Suppose -k*d + 46 = -294. Calculate the greatest common factor of d and 17.
17
Suppose 0 = -3*o + 46 + 50. What is the greatest common divisor of o and 32?
32
Let k(a) = 28*a**2 + a + 2. Let c be k(-2). Calculate the greatest common divisor of 16 and c.
16
Suppose 3*c - 3 = 9. Calculate the greatest common factor of c and 6.
2
Suppose 6*b - 91 = 245. What is the greatest common divisor of b and 8?
8
Let j = -76 + 89. What is the highest common divisor of 39 and j?
13
Suppose 3*u - o - 59 = 0, 0*o + 2*o + 98 = 5*u. What is the greatest common divisor of u and 80?
20
Suppose 0 = -0*f - 2*f + 14. Let x = f - 5. Suppose x*a = a + 6. Calculate the greatest common divisor of a and 9.
3
Let m = 15 + -10. Suppose 2*o - 8 = m*h, -o + 2*h + 5 = -0. What is the highest common divisor of 6 and o?
3
Let c = -3 + -2. Let b = 2 + c. Let x be (-2)/(-4) + b/(-6). Calculate the greatest common factor of x and 2.
1
Suppose 4*o - 2 = 2*o. Let d(h) = -13*h**2 - h. Let v(x) = x**2. Let t(u) = o*v(u) - d(u). Let p be t(1). Calculate the highest common factor of 165 and p.
15
Suppose -3*y + w + 704 = -w, -2*y + 469 = -w. Calculate the greatest common divisor of 26 and y.
26
Let p = 5 + -7. Let w be (p/1)/(7/(-140)). Suppose 0 = 2*i + 3*i - w. Calculate the highest common factor of i and 20.
4
Suppose 0 = -2*z + 3 + 3. What is the greatest common factor of z and 3?
3
Let t(f) = -9*f + 0 - 4 - f. Let z be t(-6). What is the highest common factor of 8 and z?
8
Suppose 4 = -2*w + 3*i, w + 4*i = -0*w + 20. Suppose 3*a - 56 = -5*v, w*a + 6*v - 93 = 3*v. Calculate the highest common factor of 3 and a.
3
Let w = -14 - -35. Calculate the greatest common factor of 3 and w.
3
Let i be 6*(-7)/((-42)/(-4)). Let q = 22 + i. What is the highest common divisor of q and 27?
9
Suppose 5*i - 77 = -2. Let s(d) = -d**3 + 24*d**2 - 21*d - 19. Let w be s(23). Let j = w - i. Calculate the greatest common factor of j and 48.
12
Let z = 3 - 2. Let r be z*63*2/3. What is the greatest common factor of 14 and r?
14
Let k be (-774)/(-63) - 3/21*2. Calculate the highest common divisor of k and 132.
12
Let u(g) = 2*g**2 + g - 2. Let i be u(-2). Suppose 4*q + 792 = 4*j, 2*j = j + i*q + 192. What is the greatest common divisor of j and 25?
25
Suppose 0*o + 50 = o. Suppose 242 = 3*i + o. Suppose 0 = -n - 2*n + 48. What is the greatest common divisor of n and i?
16
Suppose -4*w = 3*l - 7*w - 42, -4*w = 5*l - 34. Suppose -5*g = -b + 22, -2*b - b = -3*g - 42. Let r = b - -13. What is the highest common factor of r and l?
5
Suppose 0 = 5*j - 10*j. Suppose -3*t = -3, 2*w + t - 17 = -j*t. What is the highest common divisor of w and 72?
8
Suppose -15 = -10*b + 15. What is the greatest common factor of 2 and b?
1
Suppose -f + 48 = -92. Let k be (-6)/3 + 4 + -2. Suppose 0 = 3*q - k*q - 60. Calculate the highest common factor of f and q.
20
Let c = 39 - 25. Let n = -10 + c. Suppose q = -n + 5. What is the highest common factor of 5 and q?
1
Let d(x) = -x**3 - 5*x**2 + 3*x + 1. Let h be d(-6). Suppose 3*m = h + 41. Let c(p) = -5*p + 5. Let j be c(-5). Calculate the highest common divisor of j and m.
10
Let f = -41 + 64. Suppose -4*i = -3*b + f + 9, 0 = 3*b + 3*i + 3. Suppose a - 5*k = 28, 8*k + 112 = b*a + 3*k. Calculate the highest common divisor of a and 14.
14
Let q = -19 - -94. Calculate the highest common divisor of 50 and q.
25
Suppose -3*i + 20 = 5*a, 2*i + 4*a - a - 12 = 0. Suppose -2*z + i*z = -24. What is the greatest common factor of 18 and z?
6
Suppose -26 = -3*j + 13. Suppose -3*q + 0 = -4*z + 7, 0 = 4*q - z - 8. Suppose 0*a = q*a - 195. What is the greatest common divisor of a and j?
13
Let d = -36 + 41. Let c(g) = -89*g - 9. Let s(x) = 44*x + 4. Let u(l) = -3*c(l) - 7*s(l). Let o be u(-1). Calculate the highest common factor of o and d.
5
Let x = 305 + -206. What is the highest common factor of 11 and x?
11
Suppose -6*k = -5*k - 23. What is the greatest common factor of k and 92?
23
Let b be 15 + (-7 - -4)*(-4)/6. What is the highest common divisor of 85 and b?
17
Suppose 8 = 4*t + 3*w, -5*t + 0 = 3*w - 13. Let l = 3 + -1. Suppose -2*g = -l - 2. Calculate the greatest common divisor of t and g.
1
Suppose 0 = -2*c + 7 - 3. Suppose 4*k = c*n - 4*n + 10, -3*k = -5*n - 14. Calculate the greatest common divisor of 21 and k.
3
Let s(f) = -f + 6 - 2*f**2 + 2*f**2 - f**2. Let r be s(0). Let v = 27 - 9. What is the highest common divisor of v and r?
6
Suppose 3*v + 5*m + 42 - 167 = 0, -3*m = v - 43. Let p be 1*(3/1 + -6). Let x = 8 + p. What is the greatest common divisor of v and x?
5
Let q be 145 - (-1 + 4/2). Let w(s) = -s**2 - 6*s + 3. Let h be w(-6). Suppose -x + 72 = h*x. Calculate the greatest common factor of q and x.
18
Suppose -6*d + 2528 + 490 = 0. Suppose -o + 178 = -2*q + 50, 4*o = -q + d. Calculate the highest common factor of o and 14.
14
Let i = 28 + -25. Suppose -198 = -4*q + i*q. What is the greatest common factor of q and 22?
22
Let k be (0 + 410/(-15))/((-4)/6). What is the greatest common factor of 287 and k?
41
Let a(u) = 2*u - 2. Let q be a(2). Let r(j) = -j**2 + 2*j + 1. Let l be r(3). Let g be (3 - -3)/l - -7. Calculate the highest common divisor of g and q.
2
Let y be 2/6 - 80/(-3). Calculate the highest common divisor of y and 9.
9
Let z(q) = 6*q - 2. Let h be z(11). Suppose 0 = 3*y - h - 14. What is the highest common divisor of y and 13?
13
Let a(f) = -f**3 - 6*f**2 + 9*f + 10. Let z be a(-7). Let w be ((-2)/(-5))/(z/(-20)). Let q be (w/3)/((-2)/(-3)). What is the highest common factor of q and